by m?
10
Suppose -160 = -3*g - g. Calculate the remainder when g is divided by (-2)/(-10) - (-108)/10.
7
Suppose -12 = -4*i - 4. Suppose -5*j + 17 = w, -5*j = 4*w - i*j - 34. Calculate the remainder when (-4)/((-8)/5)*8 is divided by w.
6
Let u be (-4)/(-10) - (-232)/(-5). Let y = 54 + u. Calculate the remainder when 77 is divided by y.
5
Suppose 4*l + 24 = 5*d, 0*d - 4*d - 5*l + 52 = 0. Let r = -7803 - -7842. What is the remainder when r is divided by d?
7
Suppose -1340 = -12*a - 524. Suppose 0*u + 54 = 3*u. Calculate the remainder when a is divided by u.
14
Let r(b) = b**2 - 17*b + 45. Calculate the remainder when 64 is divided by r(16).
6
Suppose -5*j - 18 - 7 = 0. What is the remainder when 24 is divided by j/(-2)*6 - -1?
8
Suppose 33 = 5*t + 4*o + 6, -4*o + 12 = 0. Suppose 0 = -k + 5*f + 16, -3*f - 146 = -2*k - t*k. What is the remainder when 61 is divided by k?
30
Let y(z) = -2*z - 19. Let a be y(8). Let b = -33 - a. Suppose 0 = b*u - 4*u + 24. Calculate the remainder when 16 is divided by u.
4
Suppose 11 = 5*s + 4*m, -4*m + 0 = 2*s - 2. Suppose -9 = -3*a, v + 1 - s = 5*a. Calculate the remainder when v is divided by 10.
7
What is the remainder when 1129/3 - (-12)/18 is divided by 10?
7
What is the remainder when 108 is divided by 36/(-6) + (-188)/(-4)?
26
Let o(q) = -q**2 + 7*q - 3. Suppose 12 = -3*h - 0*h, -5*h = t + 17. What is the remainder when t is divided by o(6)?
0
Suppose 34 = 6*m - 5*m + d, 0 = 5*m + 2*d - 164. Calculate the remainder when m is divided by 16.
0
Let v(b) = -b**3 - 5*b**2 + 5*b + 7. Let i(k) = k**2 - 3*k - 4. Calculate the remainder when i(-5) is divided by v(-6).
10
Let h(a) = -4 + 0 + 12*a - a**2 - 2. Calculate the remainder when 59 is divided by h(6).
29
Suppose 108*p - 2 = 110*p, 5*p = 3*c - 143. What is the remainder when 1286 is divided by c?
44
Suppose 2*y + 3 = -1. Let g = y + -7. Let b = g - -11. What is the remainder when b is divided by 2?
0
Suppose -x + 3*j + 82 + 157 = 0, -4*x = -j - 912. What is the remainder when x is divided by 23?
20
Suppose -f = -14*g + 9*g + 1, 5*g - 58 = -2*f. What is the remainder when (3 + 4)*7 - (-3 + 0) is divided by f?
14
Suppose -3*t = -105 - 129. Let m = t + -52. Let z = 1589 - 1486. What is the remainder when z is divided by m?
25
Let v = -36 - -36. Suppose -6*u + 293 + 127 = v. Calculate the remainder when u is divided by 37.
33
Let d(a) = 11*a + 431. Calculate the remainder when 172 is divided by d(-36).
32
Let t be 3890/170 + 6/51. Suppose 2*u - 5 - t = 0. What is the remainder when 55 is divided by u?
13
What is the remainder when 29 is divided by 2 + 4 + 11 + -8 + 3?
5
Let s(k) = 8*k - 3. Let d = 33 - 31. What is the remainder when 51 is divided by s(d)?
12
Suppose 0 = 2*q + q - 6, -4*b + 5*q + 10 = 0. Suppose 0*s - 245 = -b*s. What is the remainder when s is divided by 17?
15
What is the remainder when (-3630)/(-30) - (-5 + 1) is divided by 14?
13
Let q = 1069 + -639. What is the remainder when q is divided by 23?
16
Suppose 5*g + 89 = -4*q, g = 4*q + 4*g + 79. Let d(r) = -r**3 - 17*r**2 - 19*r + 9. Calculate the remainder when d(q) is divided by 21.
15
Calculate the remainder when 178 is divided by 15*(10 - (-308)/(-33)).
8
Suppose -2*l = -0 - 0. Calculate the remainder when l*(-2)/(-4) - -69 is divided by 36.
33
Let x(h) = 16*h**2 + 3*h - 2. Calculate the remainder when x(2) is divided by 39/3 + 2 + -1.
12
Suppose -5*m = 4*f - 11062, f = 6*f - 2*m - 13844. What is the remainder when f/40 + 2/(-10) is divided by 14?
13
Suppose -2*q + 5*q = 3*g + 120, 0 = 2*q - 4*g - 84. Let r = -1092 - -1112. Calculate the remainder when q is divided by r.
18
Suppose -a - a = -12. What is the remainder when a is divided by 4/5 - 44/(-20)?
0
Suppose 3*q + 3*a - 12 = 0, 2*q - 1 - 1 = a. Suppose 9 = -q*x + 33. What is the remainder when 59 is divided by x?
11
Suppose 3*g - 55 = -j - 0*j, 4 = -2*j. Let l be (-6)/5*40/(-3). Let w = l - 11. Calculate the remainder when g is divided by w.
4
Let q = 28 + -19. Let n = -7 + q. Let x = 3 + n. Calculate the remainder when 9 is divided by x.
4
Let g(k) = 2*k**3 - 3*k**2 - 4*k - 1. Let p = 27 - 21. Let l(x) = -x**2 + 4*x + 16. Let v be l(p). Calculate the remainder when g(v) is divided by 22.
19
Let d be (-6 - -5)*(-1 + (-1 - -2)). Suppose 3*j - 3*b - 42 = d, 2*j + 2*b - 52 = -j. What is the remainder when 77 is divided by j?
13
Suppose 3*c = -2*i - 0*c + 9, 3*i - 4*c - 5 = 0. Let z(q) = -15*q**i - 2*q - 2*q**2 + q**2 + q. What is the remainder when 39 is divided by z(-1)?
9
Let k = -1013 - -1830. Suppose 6*m - k = -91. Calculate the remainder when m is divided by 32.
25
Suppose 1013 - 4120 = -13*d. Calculate the remainder when d is divided by 8.
7
Let i(b) = -b**3 - 8*b**2 + 10*b + 12. Let y be i(-9). Let z = y + 4. What is the remainder when z is divided by 3*1/(-3) + 4?
1
Let b(g) = -5*g**2 + 2*g + 1. Let q be b(-1). Let f(d) = -d**2 - 4*d - 4. Let k be f(q). Calculate the remainder when 21 is divided by k/(-2) + 3 + 0.
10
Let i = -896 + 1722. What is the remainder when i is divided by 12?
10
Let w = -260 - -1097. Calculate the remainder when w is divided by 30.
27
Suppose 8*n - 64 = 4*n. What is the remainder when 366 is divided by n?
14
Let f = 7 + -4. Suppose 0 = -6*w + f*w + 4*u + 82, 2*u - 180 = -5*w. What is the remainder when 134 is divided by w?
32
Let j = -7 + 14. Suppose w + 37 = -u + 145, w = 2*u - 222. Suppose -u = -4*b - 6. Calculate the remainder when b is divided by j.
5
Suppose 6*b - 4*b = 10. Let a = 5 - b. Suppose -3*k + 0*k - 5*l = 4, a = 3*k - 2*l - 31. What is the remainder when k is divided by 3?
1
Let o(l) = -12*l - 41. Suppose 14 + 26 = -5*h. What is the remainder when o(h) is divided by 28?
27
Suppose 3*y = -f - 3 - 9, -7 = -4*f - y. Suppose f*z - 35 = -8. Calculate the remainder when 51 is divided by z.
6
Suppose k + s = 16 + 2, -5*k + 76 = -2*s. Calculate the remainder when 526 is divided by k.
14
Let m = 503 - 425. Calculate the remainder when m is divided by 36.
6
What is the remainder when 1/2 + (-711)/(-2) is divided by 21?
20
Let g(j) = -j + 22. Let v(x) = x**3 + x**2 + 2*x + 14. Let q be v(0). What is the remainder when 16 is divided by g(q)?
0
Let o = -41 + 43. Suppose 3*v - 3*u + 12 = 174, 3*u + 104 = o*v. Calculate the remainder when v is divided by 6.
4
Let a = 21 - 22. Calculate the remainder when -3*(-9 + a) - 3 is divided by 14.
13
Let o(z) = z**3 - 12*z**2 + 21*z - 14. Let q be o(14). Suppose 4*t - 4*m - q = m, -819 = -5*t + m. Calculate the remainder when t is divided by 55.
53
Suppose -2*d + 3*b + 1 = 0, 2*d - 2*b = -2*d + 14. Suppose -4*u + 2*o = -54, -2*u + d*o = -0*u - 39. Calculate the remainder when 42 is divided by u.
6
Suppose 15*k = 18*k - 21. Let n(r) = 3 + 0 - 5 - 4 + 8*r. What is the remainder when n(5) is divided by k?
6
Suppose 4*a = 5*h - 32, -2*a = -5*h + 21 + 5. Let s be 1 + 0 - (-20)/(1 - -3). Calculate the remainder when 11 is divided by ((-9)/s)/(h/(-8)).
2
Suppose 0*q = -5*q + 105. What is the remainder when q is divided by 4 + 4 + (2 - 2)/6?
5
Let f be 5 + 66/(-14) - 436/7. Let q = f + 97. Calculate the remainder when q is divided by 13.
9
Let x = -127 + 154. What is the remainder when 134 is divided by x?
26
Suppose 0 = -31*u + 24 + 38. Calculate the remainder when 29 is divided by u.
1
Suppose -2*m + 60 = q, -6 = 2*q - 4*m - 126. Suppose 0 = -4*i - 55 - 49. Let y = i + 47. What is the remainder when q is divided by y?
18
Suppose 20 - 20 = -i. Suppose 348 + i = 6*z. Suppose -4*y = -65 + 5. What is the remainder when z is divided by y?
13
Suppose 2*a - 170 = 5*f, -5*f - a - 170 = a. Let b = -27 - f. Suppose c + 330 = b*c. What is the remainder when c is divided by 14?
13
Let j(y) = 2*y**2 - 13*y + 8. Let m be j(6). Suppose -m*p = 3*p + 345. Let x = p + 128. Calculate the remainder when x is divided by 15.
14
Let d(h) = -h + 16. Let n(f) = f - 7. Let q be n(3). Let m(k) = 2*k - 4. Let p be m(q). Calculate the remainder when 54 is divided by d(p).
26
Let f = 5 + 3. Suppose f*z + 75 = 13*z. What is the remainder when z is divided by 4?
3
Suppose 0 = -2*m - 2*m + 44. Let z be 1/(-4) + (-395)/20. Let g = z - -23. What is the remainder when m is divided by g?
2
Let l = 45 - 45. Suppose 4*t + 3*s - 96 = t, l = s - 3. Calculate the remainder when 143 is divided by t.
27
Suppose 3